{"id":6941,"date":"2025-11-12T18:49:57","date_gmt":"2025-11-12T17:49:57","guid":{"rendered":"https:\/\/ff-sghoya.de\/?page_id=6941"},"modified":"2025-11-12T18:49:57","modified_gmt":"2025-11-12T17:49:57","slug":"willkommen","status":"publish","type":"page","link":"https:\/\/ff-sghoya.de\/?page_id=6941","title":{"rendered":"Willkommen"},"content":{"rendered":"\n<p><strong>Freiwillige Feuerwehren Grafschaft Hoya<\/strong><\/p>\n\n\n\n<p>Wir begr\u00fc\u00dfen Sie auf der Internetpr\u00e4senz der Freiwilligen Feuerwehren der Samtgemeinde Grafschaft Hoya.<\/p>\n\n\n\n<figure class=\"wp-block-image aligncenter\"><img loading=\"lazy\" decoding=\"async\" width=\"485\" height=\"260\" src=\"http:\/\/ff-sghoya.de\/wp-content\/uploads\/2016\/06\/template_14.jpg\" alt=\"template_14\" class=\"wp-image-524\" srcset=\"https:\/\/ff-sghoya.de\/wp-content\/uploads\/2016\/06\/template_14.jpg 485w, https:\/\/ff-sghoya.de\/wp-content\/uploads\/2016\/06\/template_14-300x161.jpg 300w\" sizes=\"auto, (max-width: 485px) 100vw, 485px\" \/><\/figure>\n\n\n\n<p>In den Ortsfeuerwehren sind derzeit zahlreiche freiwillige Feuerwehrleute aktiv. Das Aufgabenspektrum der Feuerwehren ist \u00fcber die Jahre hinweg vielf\u00e4ltig und anspruchsvoller geworden. Zahlreiche Brandeins\u00e4tzen, aber auch technischen Hilfeleistungen nach schweren Verkehrsunf\u00e4llen, erfordern immer wieder aufs Neue den Einsatz der freiwilligen Kr\u00e4fte. Der vorbeugende Brandschutz ist nat\u00fcrlich eine ebenso wichtige Aufgabe der Feuerwehr.<\/p>\n\n\n\n<p>Viele der Ehrenamtlichen sind auch in weiteren Bereich der Feuerwehr aktiv, wie zum Beispiel als Brandschutzerzieher oder Betreuer in der Jugend- und Kinderfeuerwehr.<\/p>\n\n\n\n<p><a href=\"https:\/\/ff-sghoya.de\/\" target=\"_blank\" rel=\"noreferrer noopener\">Feuerwehren Grafschaft Hoya<\/a><\/p>\n\n\n\n<p><\/p>\n","protected":false},"excerpt":{"rendered":"<p>Freiwillige Feuerwehren Grafschaft Hoya Wir begr\u00fc\u00dfen Sie auf der Internetpr\u00e4senz der Freiwilligen Feuerwehren der Samtgemeinde Grafschaft Hoya. In den Ortsfeuerwehren<\/p>\n","protected":false},"author":3,"featured_media":0,"parent":0,"menu_order":0,"comment_status":"closed","ping_status":"closed","template":"","meta":{"colormag_page_container_layout":"default_layout","colormag_page_sidebar_layout":"default_layout","footnotes":""},"class_list":["post-6941","page","type-page","status-publish","hentry"],"_links":{"self":[{"href":"https:\/\/ff-sghoya.de\/index.php?rest_route=\/wp\/v2\/pages\/6941","targetHints":{"allow":["GET"]}}],"collection":[{"href":"https:\/\/ff-sghoya.de\/index.php?rest_route=\/wp\/v2\/pages"}],"about":[{"href":"https:\/\/ff-sghoya.de\/index.php?rest_route=\/wp\/v2\/types\/page"}],"author":[{"embeddable":true,"href":"https:\/\/ff-sghoya.de\/index.php?rest_route=\/wp\/v2\/users\/3"}],"replies":[{"embeddable":true,"href":"https:\/\/ff-sghoya.de\/index.php?rest_route=%2Fwp%2Fv2%2Fcomments&post=6941"}],"version-history":[{"count":1,"href":"https:\/\/ff-sghoya.de\/index.php?rest_route=\/wp\/v2\/pages\/6941\/revisions"}],"predecessor-version":[{"id":6943,"href":"https:\/\/ff-sghoya.de\/index.php?rest_route=\/wp\/v2\/pages\/6941\/revisions\/6943"}],"wp:attachment":[{"href":"https:\/\/ff-sghoya.de\/index.php?rest_route=%2Fwp%2Fv2%2Fmedia&parent=6941"}],"curies":[{"name":"wp","href":"https:\/\/api.w.org\/{rel}","templated":true}]}}