{"id":5970,"date":"2024-02-19T19:40:18","date_gmt":"2024-02-19T18:40:18","guid":{"rendered":"https:\/\/ff-sghoya.de\/?page_id=5970"},"modified":"2026-04-18T13:25:04","modified_gmt":"2026-04-18T11:25:04","slug":"ortskommando-der-freiwilligen-feuerwehr-eystrup","status":"publish","type":"page","link":"https:\/\/ff-sghoya.de\/?page_id=5970","title":{"rendered":"Ortskommando der Freiwilligen Feuerwehr Eystrup"},"content":{"rendered":"\n<p>Um die organisatorischen Anforderungen einer Feuerwehr effektiv zu bew\u00e4ltigen, sind zahlreiche unterschiedliche Aufgaben innerhalb dieser Struktur zu bew\u00e4ltigen. Der Leiter einer Freiwilligen Feuerwehr, der Ortsbrandmeister, kann diese vielf\u00e4ltigen Aufgaben nicht eigenst\u00e4ndig bew\u00e4ltigen. Aus diesem Grund werden spezifische Funktionen innerhalb der Feuerwehr an aktive Mitglieder \u00fcbertragen, die sich auf ihre jeweiligen Aufgabenbereiche konzentrieren. Die Gesamtheit dieser Funktionstr\u00e4ger bildet das sogenannte Ortskommando einer Feuerwehr. Diese Struktur spielt eine entscheidende Rolle bei der Unterst\u00fctzung des Ortsbrandmeisters, bei der Erf\u00fcllung seiner Verantwortlichkeiten.<\/p>\n\n\n\n<figure class=\"wp-block-image aligncenter size-full is-resized\"><img loading=\"lazy\" decoding=\"async\" width=\"1563\" height=\"1563\" src=\"http:\/\/ff-sghoya.de\/wp-content\/uploads\/2024\/01\/Jan.png\" alt=\"\" class=\"wp-image-5875\" style=\"width:473px\" srcset=\"https:\/\/ff-sghoya.de\/wp-content\/uploads\/2024\/01\/Jan.png 1563w, https:\/\/ff-sghoya.de\/wp-content\/uploads\/2024\/01\/Jan-768x768.png 768w, https:\/\/ff-sghoya.de\/wp-content\/uploads\/2024\/01\/Jan-1536x1536.png 1536w, https:\/\/ff-sghoya.de\/wp-content\/uploads\/2024\/01\/Jan-150x150.png 150w\" sizes=\"auto, (max-width: 1563px) 100vw, 1563px\" \/><\/figure>\n\n\n\n<p class=\"has-text-align-center\" style=\"margin-top:0;margin-bottom:0;padding-top:0;padding-bottom:0\"><strong><font size=\"7\">Jan Brinkmann<\/font><\/strong><br><em>Ortsbrandmeister<\/em><\/p>\n\n\n\n<hr class=\"wp-block-separator has-alpha-channel-opacity has-background is-style-wide\" style=\"margin-top:var(--wp--preset--spacing--40);margin-bottom:var(--wp--preset--spacing--40)\"\/>\n\n\n\n<figure class=\"wp-block-image aligncenter size-full is-resized\"><img loading=\"lazy\" decoding=\"async\" width=\"1563\" height=\"1563\" src=\"http:\/\/ff-sghoya.de\/wp-content\/uploads\/2024\/01\/Patrick-2.png\" alt=\"\" class=\"wp-image-5878\" style=\"width:473px\" srcset=\"https:\/\/ff-sghoya.de\/wp-content\/uploads\/2024\/01\/Patrick-2.png 1563w, https:\/\/ff-sghoya.de\/wp-content\/uploads\/2024\/01\/Patrick-2-768x768.png 768w, https:\/\/ff-sghoya.de\/wp-content\/uploads\/2024\/01\/Patrick-2-1536x1536.png 1536w, https:\/\/ff-sghoya.de\/wp-content\/uploads\/2024\/01\/Patrick-2-150x150.png 150w\" sizes=\"auto, (max-width: 1563px) 100vw, 1563px\" \/><\/figure>\n\n\n\n<p class=\"has-text-align-center\" style=\"margin-top:0;margin-bottom:0\"><font size=\"5\"><strong>Patrick Kather<\/strong><\/font><br><em>stellv. Ortsbrandmeister<\/em><\/p>\n\n\n\n<hr class=\"wp-block-separator has-alpha-channel-opacity has-background is-style-wide\" style=\"margin-top:var(--wp--preset--spacing--40);margin-bottom:var(--wp--preset--spacing--40)\"\/>\n\n\n\n<figure class=\"wp-block-image aligncenter size-full is-resized\"><img loading=\"lazy\" decoding=\"async\" width=\"1563\" height=\"1563\" src=\"http:\/\/ff-sghoya.de\/wp-content\/uploads\/2024\/01\/Arne.png\" alt=\"\" class=\"wp-image-5880\" style=\"width:473px\" srcset=\"https:\/\/ff-sghoya.de\/wp-content\/uploads\/2024\/01\/Arne.png 1563w, https:\/\/ff-sghoya.de\/wp-content\/uploads\/2024\/01\/Arne-768x768.png 768w, https:\/\/ff-sghoya.de\/wp-content\/uploads\/2024\/01\/Arne-1536x1536.png 1536w, https:\/\/ff-sghoya.de\/wp-content\/uploads\/2024\/01\/Arne-150x150.png 150w\" sizes=\"auto, (max-width: 1563px) 100vw, 1563px\" \/><\/figure>\n\n\n\n<p class=\"has-text-align-center\" style=\"margin-top:0;margin-bottom:0\"><font size=\"5\"><strong>Arne Brinkmann<\/strong><\/font><br><em>Gruppenf\u00fchrer<\/em><br><em>Ger\u00e4tewart<\/em><\/p>\n\n\n\n<hr class=\"wp-block-separator has-alpha-channel-opacity has-background is-style-wide\" style=\"margin-top:var(--wp--preset--spacing--40);margin-bottom:var(--wp--preset--spacing--40)\"\/>\n\n\n\n<figure class=\"wp-block-image aligncenter size-full is-resized\"><img loading=\"lazy\" decoding=\"async\" width=\"1563\" height=\"1563\" src=\"http:\/\/ff-sghoya.de\/wp-content\/uploads\/2024\/01\/Ralf.png\" alt=\"\" class=\"wp-image-5883\" style=\"width:473px\" srcset=\"https:\/\/ff-sghoya.de\/wp-content\/uploads\/2024\/01\/Ralf.png 1563w, https:\/\/ff-sghoya.de\/wp-content\/uploads\/2024\/01\/Ralf-768x768.png 768w, https:\/\/ff-sghoya.de\/wp-content\/uploads\/2024\/01\/Ralf-1536x1536.png 1536w, https:\/\/ff-sghoya.de\/wp-content\/uploads\/2024\/01\/Ralf-150x150.png 150w\" sizes=\"auto, (max-width: 1563px) 100vw, 1563px\" \/><\/figure>\n\n\n\n<p class=\"has-text-align-center\" style=\"margin-top:0;margin-bottom:0\"><font size=\"5\"><strong>Ralf Lange<\/strong><\/font><br><em>Gruppenf\u00fchrer<\/em><\/p>\n\n\n\n<hr class=\"wp-block-separator has-alpha-channel-opacity has-background is-style-wide\" style=\"margin-top:var(--wp--preset--spacing--40);margin-bottom:var(--wp--preset--spacing--40)\"\/>\n\n\n\n<figure class=\"wp-block-image aligncenter size-full is-resized\"><img loading=\"lazy\" decoding=\"async\" width=\"1563\" height=\"1563\" src=\"http:\/\/ff-sghoya.de\/wp-content\/uploads\/2024\/01\/Niklas.png\" alt=\"\" class=\"wp-image-5884\" style=\"width:473px\" srcset=\"https:\/\/ff-sghoya.de\/wp-content\/uploads\/2024\/01\/Niklas.png 1563w, https:\/\/ff-sghoya.de\/wp-content\/uploads\/2024\/01\/Niklas-768x768.png 768w, https:\/\/ff-sghoya.de\/wp-content\/uploads\/2024\/01\/Niklas-1536x1536.png 1536w, https:\/\/ff-sghoya.de\/wp-content\/uploads\/2024\/01\/Niklas-150x150.png 150w\" sizes=\"auto, (max-width: 1563px) 100vw, 1563px\" \/><\/figure>\n\n\n\n<p class=\"has-text-align-center\" style=\"margin-top:0;margin-bottom:0\"><font size=\"5\"><strong>Niklas Broschwitz<\/strong><\/font><br><em>Gruppenf\u00fchrer<br>Atemschutzger\u00e4tewart<\/em><\/p>\n\n\n\n<hr class=\"wp-block-separator has-alpha-channel-opacity has-background is-style-wide\" style=\"margin-top:var(--wp--preset--spacing--40);margin-bottom:var(--wp--preset--spacing--40)\"\/>\n\n\n\n<figure class=\"wp-block-image aligncenter size-full is-resized\"><img loading=\"lazy\" decoding=\"async\" width=\"1563\" height=\"1563\" src=\"http:\/\/ff-sghoya.de\/wp-content\/uploads\/2024\/01\/Budnik.png\" alt=\"\" class=\"wp-image-5888\" style=\"width:473px\" srcset=\"https:\/\/ff-sghoya.de\/wp-content\/uploads\/2024\/01\/Budnik.png 1563w, https:\/\/ff-sghoya.de\/wp-content\/uploads\/2024\/01\/Budnik-768x768.png 768w, https:\/\/ff-sghoya.de\/wp-content\/uploads\/2024\/01\/Budnik-1536x1536.png 1536w, https:\/\/ff-sghoya.de\/wp-content\/uploads\/2024\/01\/Budnik-150x150.png 150w\" sizes=\"auto, (max-width: 1563px) 100vw, 1563px\" \/><\/figure>\n\n\n\n<p class=\"has-text-align-center\" style=\"margin-top:0;margin-bottom:0\"><font size=\"5\"><strong>Patrick Budnik<\/strong><\/font><br><em>Gruppenf\u00fchrer<\/em><\/p>\n\n\n\n<hr class=\"wp-block-separator has-alpha-channel-opacity has-background is-style-wide\" style=\"margin-top:var(--wp--preset--spacing--40);margin-bottom:var(--wp--preset--spacing--40)\"\/>\n\n\n\n<figure class=\"wp-block-image aligncenter size-full is-resized\"><img loading=\"lazy\" decoding=\"async\" width=\"1563\" height=\"1563\" src=\"http:\/\/ff-sghoya.de\/wp-content\/uploads\/2024\/01\/Kadda-1.png\" alt=\"\" class=\"wp-image-5889\" style=\"width:473px\" srcset=\"https:\/\/ff-sghoya.de\/wp-content\/uploads\/2024\/01\/Kadda-1.png 1563w, https:\/\/ff-sghoya.de\/wp-content\/uploads\/2024\/01\/Kadda-1-768x768.png 768w, https:\/\/ff-sghoya.de\/wp-content\/uploads\/2024\/01\/Kadda-1-1536x1536.png 1536w, https:\/\/ff-sghoya.de\/wp-content\/uploads\/2024\/01\/Kadda-1-150x150.png 150w\" sizes=\"auto, (max-width: 1563px) 100vw, 1563px\" \/><\/figure>\n\n\n\n<p class=\"has-text-align-center\" style=\"margin-top:0;margin-bottom:0\"><font size=\"5\"><strong>Katarina Brinkmann<\/strong><\/font><br><em>Kassenwartin<\/em><\/p>\n\n\n\n<hr class=\"wp-block-separator has-alpha-channel-opacity has-background is-style-wide\" style=\"margin-top:var(--wp--preset--spacing--40);margin-bottom:var(--wp--preset--spacing--40)\"\/>\n\n\n\n<figure class=\"wp-block-image aligncenter size-full is-resized\"><img loading=\"lazy\" decoding=\"async\" width=\"1563\" height=\"1563\" src=\"http:\/\/ff-sghoya.de\/wp-content\/uploads\/2024\/01\/Kirsten.png\" alt=\"\" class=\"wp-image-5886\" style=\"width:473px\" srcset=\"https:\/\/ff-sghoya.de\/wp-content\/uploads\/2024\/01\/Kirsten.png 1563w, https:\/\/ff-sghoya.de\/wp-content\/uploads\/2024\/01\/Kirsten-768x768.png 768w, https:\/\/ff-sghoya.de\/wp-content\/uploads\/2024\/01\/Kirsten-1536x1536.png 1536w, https:\/\/ff-sghoya.de\/wp-content\/uploads\/2024\/01\/Kirsten-150x150.png 150w\" sizes=\"auto, (max-width: 1563px) 100vw, 1563px\" \/><\/figure>\n\n\n\n<p class=\"has-text-align-center\" style=\"margin-top:0;margin-bottom:0\"><font size=\"5\"><strong>Kirsten Brinkmann<\/strong><\/font><br>stellv. <em>Schriftf\u00fchrerin<\/em><\/p>\n\n\n\n<hr class=\"wp-block-separator has-alpha-channel-opacity has-background is-style-wide\" style=\"margin-top:var(--wp--preset--spacing--40);margin-bottom:var(--wp--preset--spacing--40)\"\/>\n\n\n\n<figure class=\"wp-block-image aligncenter size-full is-resized\"><img loading=\"lazy\" decoding=\"async\" width=\"1563\" height=\"1563\" src=\"http:\/\/ff-sghoya.de\/wp-content\/uploads\/2024\/01\/Nicole-1.png\" alt=\"\" class=\"wp-image-5874\" style=\"width:473px\" srcset=\"https:\/\/ff-sghoya.de\/wp-content\/uploads\/2024\/01\/Nicole-1.png 1563w, https:\/\/ff-sghoya.de\/wp-content\/uploads\/2024\/01\/Nicole-1-768x768.png 768w, https:\/\/ff-sghoya.de\/wp-content\/uploads\/2024\/01\/Nicole-1-1536x1536.png 1536w, https:\/\/ff-sghoya.de\/wp-content\/uploads\/2024\/01\/Nicole-1-150x150.png 150w\" sizes=\"auto, (max-width: 1563px) 100vw, 1563px\" \/><\/figure>\n\n\n\n<p class=\"has-text-align-center\" style=\"margin-top:0;margin-bottom:0\"><font size=\"5\"><strong>Nicole Zimmermann<\/strong><\/font><br><em>Schriftf\u00fchrerin<br>Internetbeauftragte<\/em><\/p>\n\n\n\n<hr class=\"wp-block-separator has-alpha-channel-opacity has-background is-style-wide\" style=\"margin-top:var(--wp--preset--spacing--40);margin-bottom:var(--wp--preset--spacing--40)\"\/>\n\n\n\n<p class=\"has-background\" style=\"background:linear-gradient(135deg,rgb(238,238,238) 100%,rgb(169,184,195) 100%)\">Nehmt gerne Kontakt zu uns auf:<br><br><strong>Ortsbrandmeister Jan Brinkmann<\/strong>: Ortsbrandmeister@ff-eystrup.de<br><strong>Stv. Ortsbrandmeister Patrick Kather<\/strong>: Stv.Ortsbrandmeister@ff-eystrup.de<br><br>Oder besucht uns, an einem der \u00dcbungsdienste!<\/p>\n\n\n\n<p>Und folgt uns auch auf Facebook und Instagram:<br><br><a href=\"https:\/\/www.facebook.com\/profile.php?id=61554780705902\">https:\/\/www.facebook.com\/profile.php?id=61554780705902<\/a><br><br><a href=\"https:\/\/www.instagram.com\/ff_eystrup\/\">https:\/\/www.instagram.com\/ff_eystrup\/<\/a><\/p>\n","protected":false},"excerpt":{"rendered":"<p>Um die organisatorischen Anforderungen einer Feuerwehr effektiv zu bew\u00e4ltigen, sind zahlreiche unterschiedliche Aufgaben innerhalb dieser Struktur zu bew\u00e4ltigen. Der Leiter<\/p>\n","protected":false},"author":10,"featured_media":0,"parent":0,"menu_order":0,"comment_status":"closed","ping_status":"closed","template":"","meta":{"colormag_page_container_layout":"default_layout","colormag_page_sidebar_layout":"default_layout","footnotes":""},"class_list":["post-5970","page","type-page","status-publish","hentry"],"_links":{"self":[{"href":"https:\/\/ff-sghoya.de\/index.php?rest_route=\/wp\/v2\/pages\/5970","targetHints":{"allow":["GET"]}}],"collection":[{"href":"https:\/\/ff-sghoya.de\/index.php?rest_route=\/wp\/v2\/pages"}],"about":[{"href":"https:\/\/ff-sghoya.de\/index.php?rest_route=\/wp\/v2\/types\/page"}],"author":[{"embeddable":true,"href":"https:\/\/ff-sghoya.de\/index.php?rest_route=\/wp\/v2\/users\/10"}],"replies":[{"embeddable":true,"href":"https:\/\/ff-sghoya.de\/index.php?rest_route=%2Fwp%2Fv2%2Fcomments&post=5970"}],"version-history":[{"count":6,"href":"https:\/\/ff-sghoya.de\/index.php?rest_route=\/wp\/v2\/pages\/5970\/revisions"}],"predecessor-version":[{"id":7208,"href":"https:\/\/ff-sghoya.de\/index.php?rest_route=\/wp\/v2\/pages\/5970\/revisions\/7208"}],"wp:attachment":[{"href":"https:\/\/ff-sghoya.de\/index.php?rest_route=%2Fwp%2Fv2%2Fmedia&parent=5970"}],"curies":[{"name":"wp","href":"https:\/\/api.w.org\/{rel}","templated":true}]}}