{"id":432,"date":"2016-06-15T15:13:32","date_gmt":"2016-06-15T13:13:32","guid":{"rendered":"http:\/\/ffwhassel.bplaced.net\/?page_id=432"},"modified":"2017-05-23T10:31:18","modified_gmt":"2017-05-23T08:31:18","slug":"herbstgefahren-auf-deutschen-strassen","status":"publish","type":"page","link":"https:\/\/ff-sghoya.de\/?page_id=432","title":{"rendered":"Herbstgefahren auf deutschen Stra\u00dfen"},"content":{"rendered":"<p><img loading=\"lazy\" decoding=\"async\" class=\"aligncenter size-full wp-image-433\" src=\"http:\/\/ff-sghoya.de\/wp-content\/uploads\/2016\/06\/Wildwechselbanner.jpg\" alt=\"Wildwechselbanner\" width=\"467\" height=\"130\" srcset=\"https:\/\/ff-sghoya.de\/wp-content\/uploads\/2016\/06\/Wildwechselbanner.jpg 467w, https:\/\/ff-sghoya.de\/wp-content\/uploads\/2016\/06\/Wildwechselbanner-300x84.jpg 300w\" sizes=\"auto, (max-width: 467px) 100vw, 467px\" \/><\/p>\n<p>H\u00e4ufig wird das ausma\u00df von\u00a0Wildunf\u00e4llen untersch\u00e4tzt.<\/p>\n<p>Ein 20 Kilogramm schweres Reh besitzt bei einer Kollision mit Tempo 100km\/h ein Aufschlaggewicht von fast einer halben Tonne, teilt die Landesj\u00e4gerschaft Niedersachsen mit.<\/p>\n<p>Die meisten Unf\u00e4lle passieren in den Abend-\u00a0und fr\u00fchen Morgenstunden, wobei \u00dcbergangsbereiche zwischen Wald- und Feldzonen, sowie dichte Waldgebiete besondere Gefahrenschwerpunkte darstellen. Diese sind daher meist mit dem Schild &#8222;Achtung, Wildwechsel!&#8220; gekennzeichnet.<\/p>\n<p><b>Tipps f\u00fcr Autofahrer in der nassen Jahreszeit:<\/b><\/p>\n<ul>\n<li>Fahren Sie besonders auf nassen Stra\u00dfen mit Gef\u00fchl\u00a0 und\u00a0vermeiden abruptes\u00a0\u00a0Beschleunigen.<\/li>\n<\/ul>\n<ul>\n<li>Rechnen Sie mit Wildwechsel und denken Sie bei Herden auch an eventuelle Nachz\u00fcgler.<\/li>\n<\/ul>\n<ul>\n<li>Fahren Sie nachts in bewaldeten Gebieten &#8211; wann immer m\u00f6glich &#8211; mit Fernlicht. So k\u00f6nnen die Augen von Wildtieren\u00a0das Licht reflektieren\u00a0und sind damit\u00a0fr\u00fcher zu erkennen.<\/li>\n<\/ul>\n<ul>\n<li>L\u00e4\u00dft sich ein Zusamenprall nicht vermeiden, Lenkrad gut festhalten, bremsen und geradeaus weiterfahren. Ausweichman\u00f6ver k\u00f6nnen f\u00fcr Sie selbst\u00a0und auch andere\u00a0Verkehrsteilnehmer gravierende Folgen haben.<\/li>\n<\/ul>\n<ul>\n<li>Immer ausreichend Abstand halten, die Faustregel &#8222;1\/2 Tachowert&#8220; gilt bei N\u00e4sse nicht mehr und muss erh\u00f6ht werden.<\/li>\n<\/ul>\n<ul>\n<li>Leitpfosten\u00a0stehen auf Autobahnen in 50-Meter-Abst\u00e4nden und auf Bundes-\/Landstra\u00dfen in 25-Meter-Abst\u00e4nden. Ist die Sicht durch Nebel nur noch\u00a0von Leitpfosten zu Leitpfosten gegeben, dann sollten Sie Ihre\u00a0Geschwindigkeit auf h\u00f6chsten 50 km\/h, auf Landstra\u00dfen 30 km\/h herabsetzen.<\/li>\n<\/ul>\n<ul>\n<li>Beim Eintauchen in eine Nebelwand nicht scharf bremsen, es gef\u00e4hrdet den nachfolgenden Verkehr.<\/li>\n<\/ul>\n<ul>\n<li>Bei Nebel nicht an die Schlusslichter eines\u00a0vorausfahrenden Fahrzeugs\u00a0anh\u00e4ngen. Der Vorausfahrende sieht im Nebel\u00a0nicht besser als Sie.<\/li>\n<\/ul>\n<ul>\n<li>Bei Nebel stets bremsbereit sein, um bei unbeleuchteten Hindernissen, Radfahrern oder Fu\u00dfg\u00e4ngern sofort reagieren zu k\u00f6nnen.<\/li>\n<\/ul>\n<ul>\n<li>Nicht die Mittellinie einer Landstra\u00dfe als Leitlinie nehmen, entgegenkommende Fahrzeuge k\u00f6nnten mit Ihnen kollidieren.<\/li>\n<\/ul>\n<ul>\n<li>Der Nebel verschluckt\u00a0oft Ger\u00e4usche da Schallwellen ged\u00e4mmt werden. Schalten Sie Ihr Radio aus\/leise und \u00f6ffnen eventuell das Fenster etwas, um Signale anderer Fahrzeuge besser\u00a0wahrnehmen zu k\u00f6nnen.<\/li>\n<\/ul>\n<ul>\n<li>Bei dichtem Nebel die Scheibenwischer anstellen, sie beseitigen den N\u00e4ssefilm und schaffen bessere Sicht.<\/li>\n<\/ul>\n<ul>\n<li>Wichtig f\u00fcr Herbst und Winter ist, dass die Beleuchtungsanlage des Fahrzeugs in Ordnung ist. Das Licht schon bei tr\u00fcbem Wetter einschalten, auch wenn es die eigene Sicht nicht verbessert. Man wird vom Gegenverkehr und nachfolgenden Fahrzeugen fr\u00fcher und besser erkannt.<\/li>\n<\/ul>\n<ul>\n<li>Angepasste Fahrweise und Winterreifen mit ausreichend Profil sind Voraussetzungen, um ohne &#8222;Ausrutscher&#8220; durch die kalte Jahreszeit zu kommen.<\/li>\n<\/ul>\n<ul>\n<li>Finger weg von den Nebelschlussleuchten, wenn die Sichtweite \u00fcber 50 Meter liegt. Das grelle Licht blendet den nachfolgenden Verkehr und schafft damit unn\u00f6tige Gefahren.<\/li>\n<\/ul>\n<p>&nbsp;<\/p>\n<p>Denken Sie immer daran: Besser ein paar Minuten sp\u00e4ter ankommen, als gar nicht.<\/p>\n<p>Nach einem Wildunfall sollte &#8211; wie nach jedem Verkehrsunfall &#8211; die Unfallstelle sofort abgesichert werden.<\/p>\n<p>Die Landesj\u00e4gerschaft r\u00e4t, stets die Polizei zu verst\u00e4ndigen. Diese stellt eine Bescheinigung \u00fcber den Unfall aus und informiert den zust\u00e4ndigen J\u00e4ger oder F\u00f6rster. Geflohenen Tieren sollten Sie nicht folgen. Markieren Sie die Fluchtrichtung. Verstorbene Tiere d\u00fcrfen nicht mitgenommen werden (Wilderei), sondern m\u00fcssen an den Randstreifen geschafft werden.<\/p>\n","protected":false},"excerpt":{"rendered":"<p>H\u00e4ufig wird das ausma\u00df von\u00a0Wildunf\u00e4llen untersch\u00e4tzt. Ein 20 Kilogramm schweres Reh besitzt bei einer Kollision mit Tempo 100km\/h ein Aufschlaggewicht<\/p>\n","protected":false},"author":1,"featured_media":0,"parent":0,"menu_order":0,"comment_status":"closed","ping_status":"closed","template":"","meta":{"colormag_page_container_layout":"default_layout","colormag_page_sidebar_layout":"default_layout","footnotes":""},"class_list":["post-432","page","type-page","status-publish","hentry"],"_links":{"self":[{"href":"https:\/\/ff-sghoya.de\/index.php?rest_route=\/wp\/v2\/pages\/432","targetHints":{"allow":["GET"]}}],"collection":[{"href":"https:\/\/ff-sghoya.de\/index.php?rest_route=\/wp\/v2\/pages"}],"about":[{"href":"https:\/\/ff-sghoya.de\/index.php?rest_route=\/wp\/v2\/types\/page"}],"author":[{"embeddable":true,"href":"https:\/\/ff-sghoya.de\/index.php?rest_route=\/wp\/v2\/users\/1"}],"replies":[{"embeddable":true,"href":"https:\/\/ff-sghoya.de\/index.php?rest_route=%2Fwp%2Fv2%2Fcomments&post=432"}],"version-history":[{"count":2,"href":"https:\/\/ff-sghoya.de\/index.php?rest_route=\/wp\/v2\/pages\/432\/revisions"}],"predecessor-version":[{"id":810,"href":"https:\/\/ff-sghoya.de\/index.php?rest_route=\/wp\/v2\/pages\/432\/revisions\/810"}],"wp:attachment":[{"href":"https:\/\/ff-sghoya.de\/index.php?rest_route=%2Fwp%2Fv2%2Fmedia&parent=432"}],"curies":[{"name":"wp","href":"https:\/\/api.w.org\/{rel}","templated":true}]}}