{"id":426,"date":"2016-06-15T15:09:40","date_gmt":"2016-06-15T13:09:40","guid":{"rendered":"http:\/\/ffwhassel.bplaced.net\/?page_id=426"},"modified":"2016-06-15T15:09:40","modified_gmt":"2016-06-15T13:09:40","slug":"brandgefahren-in-der-adventszeit","status":"publish","type":"page","link":"https:\/\/ff-sghoya.de\/?page_id=426","title":{"rendered":"Brandgefahren in der Adventszeit"},"content":{"rendered":"<p><img loading=\"lazy\" decoding=\"async\" class=\"size-full wp-image-429 alignleft\" src=\"http:\/\/ff-sghoya.de\/wp-content\/uploads\/2016\/06\/f1a2d835a0.jpg\" alt=\"f1a2d835a0\" width=\"235\" height=\"186\" \/>So langsam neigt sich das Jahr dem Ende zu und die gem\u00fctliche Weihnachtszeit beginnt. Leider h\u00e4ufen sich jedoch in dieser Zeit die Zahl der Wohnungsbr\u00e4nde, ausgel\u00f6st durch Adventsgestecke oder der Tannenbeleuchtung. Als h\u00e4ufigste Ursache ist die Unachtsamkeit ausl\u00f6ser eines solchen Feuers. Gerade die Anschaffung eines <a href=\"http:\/\/ffwhassel.bplaced.net\/rauchmelder-sind-lebensretter\/\">Rauchmelders<\/a> ist in dieser Zeit doppelt sinnvoll!<\/p>\n<p>Damit es nicht zu einem Wohnungsbrand kommt, finden Sie hier Tipps f\u00fcr den richtigen Umgang mit Weihnachtsgestecken und Beleuchtungen.<\/p>\n<p>&nbsp;<\/p>\n<ul>\n<li><span class=\"normal\">Adventsgestecke sollten auf einem festen und nicht brennbaren Unterstand stehen<\/span><\/li>\n<\/ul>\n<ul>\n<li><span class=\"normal\">Trockene Zweige sollten gegen frische ausgetauscht werden <\/span><\/li>\n<\/ul>\n<ul>\n<li><span class=\"normal\">Brennende Kerzen sollten nicht ausgepustet sondern erstickt werden<\/span><\/li>\n<\/ul>\n<ul>\n<li><span class=\"normal\">Beim Kauf eines Weihnachtsbaumes ist darauf zu achten, da\u00df er nicht nadelt. Bis zum Weihnachtsfest sollte der Baum in einem Gef\u00e4\u00df mit Wasser stehen<\/span><\/li>\n<\/ul>\n<ul>\n<li><span class=\"normal\">Den Weihnachtsbaum fest und sicher aufstellen. Unbedingt darauf achten, dass der Baum nicht in der N\u00e4he von \u00d6fen oder Heizk\u00f6rpern steht bzw. evtl. Fluchtwege versperrt<\/span><\/li>\n<\/ul>\n<ul>\n<li><span class=\"normal\">Reichlich Abstand zu brennbaren Einrichtungsgegenst\u00e4nden wie z.B. Gardinen oder Tischen mit Tischdecken halten<\/span><\/li>\n<\/ul>\n<ul>\n<li><span class=\"normal\">Vermieden werden sollte brennbarer Christbaumschmuck wie zum Beispiel brennbare Kerzenhalter<\/span><\/li>\n<\/ul>\n<ul>\n<li><span class=\"normal\">Ein Weihnachtsbaum mit brennenden Kerzen sollte nie unbeobachtet gelassen werden <\/span><\/li>\n<\/ul>\n<ul>\n<li><span class=\"normal\">Stets ein Eimer Wasser oder Feuer\u00f6scher in Griffn\u00e4he bereitstellen<\/span><\/li>\n<\/ul>\n<ul>\n<li><span class=\"normal\">Defekte Lichterkettens sollten keinesfalls repariert werden, lieber auf Nummer Sicher gehen und eine Ersatzkette besorgen<\/span><\/li>\n<\/ul>\n<ul>\n<li>Alle Rauchmelder auf ihre Funktion testen<\/li>\n<\/ul>\n<h5><\/h5>\n<h5>Sollte es dennoch zu einem Ausbruch des Feuers kommen rufen sie bitte unverz\u00fcglich die Feuerwehr unter <span style=\"text-decoration: underline;\"><b>112<\/b> <\/span>an!<\/h5>\n","protected":false},"excerpt":{"rendered":"<p>So langsam neigt sich das Jahr dem Ende zu und die gem\u00fctliche Weihnachtszeit beginnt. Leider h\u00e4ufen sich jedoch in dieser<\/p>\n","protected":false},"author":1,"featured_media":0,"parent":0,"menu_order":0,"comment_status":"closed","ping_status":"closed","template":"","meta":{"colormag_page_container_layout":"default_layout","colormag_page_sidebar_layout":"default_layout","footnotes":""},"class_list":["post-426","page","type-page","status-publish","hentry"],"_links":{"self":[{"href":"https:\/\/ff-sghoya.de\/index.php?rest_route=\/wp\/v2\/pages\/426","targetHints":{"allow":["GET"]}}],"collection":[{"href":"https:\/\/ff-sghoya.de\/index.php?rest_route=\/wp\/v2\/pages"}],"about":[{"href":"https:\/\/ff-sghoya.de\/index.php?rest_route=\/wp\/v2\/types\/page"}],"author":[{"embeddable":true,"href":"https:\/\/ff-sghoya.de\/index.php?rest_route=\/wp\/v2\/users\/1"}],"replies":[{"embeddable":true,"href":"https:\/\/ff-sghoya.de\/index.php?rest_route=%2Fwp%2Fv2%2Fcomments&post=426"}],"version-history":[{"count":0,"href":"https:\/\/ff-sghoya.de\/index.php?rest_route=\/wp\/v2\/pages\/426\/revisions"}],"wp:attachment":[{"href":"https:\/\/ff-sghoya.de\/index.php?rest_route=%2Fwp%2Fv2%2Fmedia&parent=426"}],"curies":[{"name":"wp","href":"https:\/\/api.w.org\/{rel}","templated":true}]}}