{"id":400,"date":"2016-06-15T14:50:46","date_gmt":"2016-06-15T12:50:46","guid":{"rendered":"http:\/\/ffwhassel.bplaced.net\/?page_id=400"},"modified":"2016-06-15T14:50:46","modified_gmt":"2016-06-15T12:50:46","slug":"erhoehtes-unfallrisiko-zum-start-in-die-motorradsaison","status":"publish","type":"page","link":"https:\/\/ff-sghoya.de\/?page_id=400","title":{"rendered":"Erh\u00f6htes Unfallrisiko zum Start in die Motorradsaison"},"content":{"rendered":"<figure id=\"attachment_404\" aria-describedby=\"caption-attachment-404\" style=\"width: 350px\" class=\"wp-caption aligncenter\"><a href=\"http:\/\/www.youtube.com\/watch?v=VdidAK04U2Y\" target=\"_blank\"><img loading=\"lazy\" decoding=\"async\" class=\"wp-image-404 size-full\" src=\"http:\/\/ff-sghoya.de\/wp-content\/uploads\/2016\/06\/PrMotorrad.jpg\" alt=\"Bitte klicken Sie auf das Bild um das Video zu Starten!\" width=\"350\" height=\"195\" srcset=\"https:\/\/ff-sghoya.de\/wp-content\/uploads\/2016\/06\/PrMotorrad.jpg 350w, https:\/\/ff-sghoya.de\/wp-content\/uploads\/2016\/06\/PrMotorrad-300x167.jpg 300w\" sizes=\"auto, (max-width: 350px) 100vw, 350px\" \/><\/a><figcaption id=\"caption-attachment-404\" class=\"wp-caption-text\">Bitte klicken Sie auf das Bild um das Video zu Starten!<\/figcaption><\/figure>\n<p><b>Videos zum Nachdenken:<\/b><\/p>\n<p><a href=\"http:\/\/www.youtube.com\/watch?v=1NPBLKY8FLg&amp;feature=related\" target=\"_blank\">Die Verletzungen eines Motorradfahrers<\/a><\/p>\n<p><a href=\"http:\/\/www.youtube.com\/watch?v=29HpcEit8_k\" target=\"_blank\">Nur der Tod ist schneller &#8211; Jagd auf Motorradraser<\/a><\/p>\n<p><b>&#8222;Denn Jeder hat nur dieses eine Leben und sollte sich fragen, ob es Wert ist, dieses aufs Spiel zu setzen!&#8220;<\/b><\/p>\n<p>&nbsp;<\/p>\n<figure id=\"attachment_402\" aria-describedby=\"caption-attachment-402\" style=\"width: 200px\" class=\"wp-caption alignright\"><img loading=\"lazy\" decoding=\"async\" class=\"size-full wp-image-402\" src=\"http:\/\/ff-sghoya.de\/wp-content\/uploads\/2016\/06\/d68d9eb514.jpg\" alt=\"Immer wieder verungl\u00fccken zahlreiche Motorradfahrer auf Deutschlands Stra\u00dfen! Bilderquelle: Matthias B\u00f6hl \/ Blaulicht-Wittgenstein.de\" width=\"200\" height=\"133\" \/><figcaption id=\"caption-attachment-402\" class=\"wp-caption-text\">Immer wieder verungl\u00fccken zahlreiche Motorradfahrer auf Deutschlands Stra\u00dfen!<br \/>Bilderquelle: Matthias B\u00f6hl \/ Blaulicht-Wittgenstein.de<\/figcaption><\/figure>\n<p>Die Temperaturen bewegen sich wieder im zweistelligen Bereich und die Sonnenstrahlen locken zahlreiche Menschen wieder in die Natur. F\u00fcr Motorradfahrer DER Start in die Motorradsaison 2014. Verheerend wer sich jetzt in der Euphorie selbst \u00fcbersch\u00e4tzt.<\/p>\n<p>Jedes Jahr fordert der Saisonstart in ganz Deutschland immer wieder schwere und t\u00f6dliche Motorradunf\u00e4lle. Hier kann nur auf gegenseitige R\u00fccksichtnahme zwischen Autofahrer und Motorradfahrer appelliert werden.<\/p>\n<p>Nach der langen Winterpause ist es f\u00fcr beide Fahrzeugf\u00fchrer immer wieder eine neue Herausforderung im Stra\u00dfenverkehr. So m\u00fcssen sich die Motorradfahrer erstmal wieder an ihre leistungsstarken Zweir\u00e4der und die Fahrdynamik gew\u00f6hnen. Auch hat der frostige Winter vielerorts noch Spuren in der Asphaltdecke hinterlassen.<\/p>\n<p>&nbsp;<\/p>\n<figure id=\"attachment_403\" aria-describedby=\"caption-attachment-403\" style=\"width: 200px\" class=\"wp-caption alignleft\"><img loading=\"lazy\" decoding=\"async\" class=\"size-full wp-image-403\" src=\"http:\/\/ff-sghoya.de\/wp-content\/uploads\/2016\/06\/1oddrayw.jpg\" alt=\"Der Winter hat seine Spuren hinterlassen. F\u00fcr Motorr\u00e4der k\u00f6nnen bereits kleine Unebenheiten im Asphalt zu schweren St\u00fcrzen f\u00fchren. Bilderquelle: NDR\" width=\"200\" height=\"162\" \/><figcaption id=\"caption-attachment-403\" class=\"wp-caption-text\">Der Winter hat seine Spuren hinterlassen. F\u00fcr Motorr\u00e4der k\u00f6nnen bereits kleine Unebenheiten im Asphalt zu schweren St\u00fcrzen f\u00fchren.<br \/>Bilderquelle: NDR<\/figcaption><\/figure>\n<p>Jedoch sind auch die Autofahrer aufgefordert auf die Motorradfahrer zu achten. Oftmals werden diese n\u00e4mlich aufgrund ihrer schmaleren Silhouette und h\u00f6heren Geschwindigkeit \u00fcbersehen. Gerade bei den \u00dcberholvorg\u00e4ngen m\u00fcssen die PKW-Fahrer verst\u00e4rkt darauf achten, ob sich von hinten ein bzw. mehrere Motorr\u00e4der n\u00e4hren. Auch der Schulterblick ist in dieser Zeit sehr wichtig!<\/p>\n<p>Die Zweiradfahrer m\u00fcssen sich im Klaren sein, dass sie einem dreimal h\u00f6heren Unfallrisiko ausgesetzt sind als Autofahrer. Die nicht vorhandene Knautschzone und die nicht vorhandenen Airbags stellen bei einem Unfall ein hohes Verletzungsrisiko dar.<\/p>\n<p>So kann <b>BEIDERSEITS<\/b> nur an eine vorausschauende Fahrweise mit Geschwindigkeitsanpassungen appelliert werden. Sollten Sie als Motorradfahrer also das Gef\u00fchl haben jemand bemerkt sie nicht oder nur schlecht, dann lassen Sie dem PKW den Vortritt. Dies gilt sowohl bei \u00dcberholvorg\u00e4ngen, als auch an Kreuzungs- und Einm\u00fcndungsbereichen.<\/p>\n<p>Denn der Spa\u00df an einer ausgelassenen Motorradtour sollte doch nicht durch St\u00fcrze oder schwere Verkehrsunf\u00e4lle getr\u00fcbt werden \u2013 Oder?<\/p>\n","protected":false},"excerpt":{"rendered":"<p>Videos zum Nachdenken: Die Verletzungen eines Motorradfahrers Nur der Tod ist schneller &#8211; Jagd auf Motorradraser &#8222;Denn Jeder hat nur<\/p>\n","protected":false},"author":1,"featured_media":0,"parent":0,"menu_order":0,"comment_status":"closed","ping_status":"closed","template":"","meta":{"colormag_page_container_layout":"default_layout","colormag_page_sidebar_layout":"default_layout","footnotes":""},"class_list":["post-400","page","type-page","status-publish","hentry"],"_links":{"self":[{"href":"https:\/\/ff-sghoya.de\/index.php?rest_route=\/wp\/v2\/pages\/400","targetHints":{"allow":["GET"]}}],"collection":[{"href":"https:\/\/ff-sghoya.de\/index.php?rest_route=\/wp\/v2\/pages"}],"about":[{"href":"https:\/\/ff-sghoya.de\/index.php?rest_route=\/wp\/v2\/types\/page"}],"author":[{"embeddable":true,"href":"https:\/\/ff-sghoya.de\/index.php?rest_route=\/wp\/v2\/users\/1"}],"replies":[{"embeddable":true,"href":"https:\/\/ff-sghoya.de\/index.php?rest_route=%2Fwp%2Fv2%2Fcomments&post=400"}],"version-history":[{"count":0,"href":"https:\/\/ff-sghoya.de\/index.php?rest_route=\/wp\/v2\/pages\/400\/revisions"}],"wp:attachment":[{"href":"https:\/\/ff-sghoya.de\/index.php?rest_route=%2Fwp%2Fv2%2Fmedia&parent=400"}],"curies":[{"name":"wp","href":"https:\/\/api.w.org\/{rel}","templated":true}]}}