{"id":3728,"date":"2020-06-04T17:36:29","date_gmt":"2020-06-04T15:36:29","guid":{"rendered":"http:\/\/ff-sghoya.de\/?page_id=3728"},"modified":"2020-06-04T18:07:11","modified_gmt":"2020-06-04T16:07:11","slug":"feuerwehrhaus-marktstrasse-34","status":"publish","type":"page","link":"https:\/\/ff-sghoya.de\/?page_id=3728","title":{"rendered":"Feuerwehrhaus \u201eMarktstra\u00dfe 34\u201c"},"content":{"rendered":"\n<p>Im Jahr 1954 wurde das 3. Tankl\u00f6schl\u00f6schfahrzeug im damaligen Kreis Grafschaft Hoya durch den L\u00f6schverband B\u00fccken beschafft. Aus diesem Grund musste ein neues Ger\u00e4tehaus gebaut werden.&nbsp;<\/p>\n\n\n\n<figure class=\"wp-block-image size-large\"><img loading=\"lazy\" decoding=\"async\" width=\"2560\" height=\"1920\" src=\"https:\/\/ff-sghoya.de\/wp-content\/uploads\/2020\/06\/DSCF1303-scaled.jpg\" alt=\"\" class=\"wp-image-3752\" srcset=\"https:\/\/ff-sghoya.de\/wp-content\/uploads\/2020\/06\/DSCF1303-scaled.jpg 2560w, https:\/\/ff-sghoya.de\/wp-content\/uploads\/2020\/06\/DSCF1303-1536x1152.jpg 1536w, https:\/\/ff-sghoya.de\/wp-content\/uploads\/2020\/06\/DSCF1303-2048x1536.jpg 2048w\" sizes=\"auto, (max-width: 2560px) 100vw, 2560px\" \/><\/figure>\n\n\n\n<p>1956 wurde das Ger\u00e4tehaus mit zwei Einfahrten, einem Schulungsraum und einer Wohnung im Obergeschoss eingeweiht.&nbsp;<\/p>\n\n\n\n<p>Durch viel Eigenleistung wurde in den Jahren 1978\/1979 das Ger\u00e4tehaus um eine weitere Einfahrt erweitert. Im Jahr 1993 wurde die vorhandene Ger\u00e4tewartwohnung im Obergeschoss durch die Kameraden umgebaut. Seitdem stehen im Obergeschoss ein Unterrichtsraum, eine Teek\u00fcche und ein B\u00fcro zur Verf\u00fcgung.&nbsp;<\/p>\n\n\n\n<p>2005 erfolgte der Anbau f\u00fcr den Einsatzleitwagen und die Anh\u00e4ngeleiter, in dem Zuge erfolgen umfangreiche Renovierungsarbeiten im gesamten Feuerwehrhaus.&nbsp;<\/p>\n\n\n\n<figure class=\"wp-block-image size-large\"><img loading=\"lazy\" decoding=\"async\" width=\"2560\" height=\"1920\" src=\"https:\/\/ff-sghoya.de\/wp-content\/uploads\/2020\/06\/DSCF1301-scaled.jpg\" alt=\"\" class=\"wp-image-3794\" srcset=\"https:\/\/ff-sghoya.de\/wp-content\/uploads\/2020\/06\/DSCF1301-scaled.jpg 2560w, https:\/\/ff-sghoya.de\/wp-content\/uploads\/2020\/06\/DSCF1301-1536x1152.jpg 1536w, https:\/\/ff-sghoya.de\/wp-content\/uploads\/2020\/06\/DSCF1301-2048x1536.jpg 2048w\" sizes=\"auto, (max-width: 2560px) 100vw, 2560px\" \/><\/figure>\n\n\n\n<p>Seit einigen Jahren k\u00f6nnen wir eine Doppelhaush\u00e4lfte&nbsp;in der direkten Nachbarschaft, die durch den Flecken B\u00fccken zur Verf\u00fcgung gestellt wird, f\u00fcr die Kinder- und Jugendfeuerwehr nutzen.&nbsp;<\/p>\n","protected":false},"excerpt":{"rendered":"<p>Im Jahr 1954 wurde das 3. Tankl\u00f6schl\u00f6schfahrzeug im damaligen Kreis Grafschaft Hoya durch den L\u00f6schverband B\u00fccken beschafft. Aus diesem Grund<\/p>\n","protected":false},"author":6,"featured_media":0,"parent":0,"menu_order":0,"comment_status":"closed","ping_status":"closed","template":"","meta":{"colormag_page_container_layout":"default_layout","colormag_page_sidebar_layout":"default_layout","footnotes":""},"class_list":["post-3728","page","type-page","status-publish","hentry"],"_links":{"self":[{"href":"https:\/\/ff-sghoya.de\/index.php?rest_route=\/wp\/v2\/pages\/3728","targetHints":{"allow":["GET"]}}],"collection":[{"href":"https:\/\/ff-sghoya.de\/index.php?rest_route=\/wp\/v2\/pages"}],"about":[{"href":"https:\/\/ff-sghoya.de\/index.php?rest_route=\/wp\/v2\/types\/page"}],"author":[{"embeddable":true,"href":"https:\/\/ff-sghoya.de\/index.php?rest_route=\/wp\/v2\/users\/6"}],"replies":[{"embeddable":true,"href":"https:\/\/ff-sghoya.de\/index.php?rest_route=%2Fwp%2Fv2%2Fcomments&post=3728"}],"version-history":[{"count":3,"href":"https:\/\/ff-sghoya.de\/index.php?rest_route=\/wp\/v2\/pages\/3728\/revisions"}],"predecessor-version":[{"id":3795,"href":"https:\/\/ff-sghoya.de\/index.php?rest_route=\/wp\/v2\/pages\/3728\/revisions\/3795"}],"wp:attachment":[{"href":"https:\/\/ff-sghoya.de\/index.php?rest_route=%2Fwp%2Fv2%2Fmedia&parent=3728"}],"curies":[{"name":"wp","href":"https:\/\/api.w.org\/{rel}","templated":true}]}}