{"id":3283,"date":"2020-03-02T17:45:27","date_gmt":"2020-03-02T16:45:27","guid":{"rendered":"http:\/\/ff-sghoya.de\/?page_id=3283"},"modified":"2020-03-04T18:54:20","modified_gmt":"2020-03-04T17:54:20","slug":"geraetewagen-logistik-2","status":"publish","type":"page","link":"https:\/\/ff-sghoya.de\/?page_id=3283","title":{"rendered":"Ger\u00e4tewagen Logistik 2"},"content":{"rendered":"\n<p> Der Ger\u00e4tewagen Logistik 2 hat im Jahr 2013 den Ger\u00e4tewagen-\u00d6l abgel\u00f6st.  <\/p>\n\n\n\n<hr class=\"wp-block-separator\"\/>\n\n\n\n<figure class=\"wp-block-gallery columns-3 is-cropped wp-block-gallery-1 is-layout-flex wp-block-gallery-is-layout-flex\"><ul class=\"blocks-gallery-grid\"><li class=\"blocks-gallery-item\"><figure><a href=\"http:\/\/ff-sghoya.de\/wp-content\/uploads\/2020\/03\/FF-Hoya_Fahrzeug_GW-L24.jpg\"><img loading=\"lazy\" decoding=\"async\" width=\"630\" height=\"444\" src=\"http:\/\/ff-sghoya.de\/wp-content\/uploads\/2020\/03\/FF-Hoya_Fahrzeug_GW-L24.jpg\" alt=\"\" data-id=\"3462\" data-full-url=\"http:\/\/ff-sghoya.de\/wp-content\/uploads\/2020\/03\/FF-Hoya_Fahrzeug_GW-L24.jpg\" data-link=\"http:\/\/ff-sghoya.de\/?attachment_id=3462\" class=\"wp-image-3462\"\/><\/a><\/figure><\/li><li class=\"blocks-gallery-item\"><figure><a href=\"http:\/\/ff-sghoya.de\/wp-content\/uploads\/2020\/03\/FF-Hoya_Fahrzeug_GW-L25.jpg\"><img loading=\"lazy\" decoding=\"async\" width=\"630\" height=\"444\" src=\"http:\/\/ff-sghoya.de\/wp-content\/uploads\/2020\/03\/FF-Hoya_Fahrzeug_GW-L25.jpg\" alt=\"\" data-id=\"3463\" data-full-url=\"http:\/\/ff-sghoya.de\/wp-content\/uploads\/2020\/03\/FF-Hoya_Fahrzeug_GW-L25.jpg\" data-link=\"http:\/\/ff-sghoya.de\/?attachment_id=3463\" class=\"wp-image-3463\"\/><\/a><\/figure><\/li><li class=\"blocks-gallery-item\"><figure><a href=\"http:\/\/ff-sghoya.de\/wp-content\/uploads\/2020\/03\/FF-Hoya_Fahrzeug_GW-L23.jpg\"><img loading=\"lazy\" decoding=\"async\" width=\"630\" height=\"444\" src=\"http:\/\/ff-sghoya.de\/wp-content\/uploads\/2020\/03\/FF-Hoya_Fahrzeug_GW-L23.jpg\" alt=\"\" data-id=\"3461\" data-full-url=\"http:\/\/ff-sghoya.de\/wp-content\/uploads\/2020\/03\/FF-Hoya_Fahrzeug_GW-L23.jpg\" data-link=\"http:\/\/ff-sghoya.de\/?attachment_id=3461\" class=\"wp-image-3461\"\/><\/a><\/figure><\/li><li class=\"blocks-gallery-item\"><figure><a href=\"http:\/\/ff-sghoya.de\/wp-content\/uploads\/2020\/03\/FF-Hoya_Fahrzeug_GW-L22.jpg\"><img loading=\"lazy\" decoding=\"async\" width=\"630\" height=\"444\" src=\"http:\/\/ff-sghoya.de\/wp-content\/uploads\/2020\/03\/FF-Hoya_Fahrzeug_GW-L22.jpg\" alt=\"\" data-id=\"3460\" data-full-url=\"http:\/\/ff-sghoya.de\/wp-content\/uploads\/2020\/03\/FF-Hoya_Fahrzeug_GW-L22.jpg\" data-link=\"http:\/\/ff-sghoya.de\/?attachment_id=3460\" class=\"wp-image-3460\"\/><\/a><\/figure><\/li><\/ul><\/figure>\n\n\n\n<h4 class=\"wp-block-heading\">Fahrzeugdaten:<\/h4>\n\n\n\n<p>Fahrgestell: MAN TGM 13.290 4&#215;4 BL<br>Aufbau: Ziegler<br>Abmessung (LxBxH): 8.300 x 2.550 x 3.300 mm <br>Radstand: 4.200 mm<br>Leermasse: 8.810 kg<br>zul\u00e4ssige Gesamtmasse: 15.500 kg<br>Leistung: 213 kW \/ 290 PS<br>Hubraum: 6.871 cm\u00b3<\/p>\n\n\n\n<h4 class=\"wp-block-heading\">Ausstattung:<\/h4>\n\n\n\n<ul class=\"wp-block-list\"><li>zweiteilige Ladebordwand MBB 2000K <\/li><li>Fireco-Lichtmast mit 6 LED-Strahlern <\/li><li>Mehrzweckzug 32 + 16 <\/li><li>Umlenkrollen, Anschlagmaterial<\/li><li>Fa\u00dfpumpe <\/li><li>Industriestaubsauger K\u00e4rcher+Vetter <\/li><li>Multifunktionsleiter<\/li><li>1.600 m B-Schlauch in Buchten rechts und links (verlegbar bei langsamer Fahrt) <\/li><li>7 Rollwagen <ul><li>&#8222;Strom&#8220;<\/li><li>&#8222;400 m B-Schlauch&#8220;<\/li><li>&#8222;Bindemittel Stra\u00dfe&#8220;<\/li><li>&#8222;Bindemittel Gew\u00e4sser&#8220;<\/li><li>&#8222;6 x CSA&#8220;<\/li><li>&#8222;Auffang&#8220; mit 3x 3.000 l Faltbeh\u00e4lter und 1x 400 l Festbeh\u00e4lter<\/li><li>&#8222;Auffang&#8220; mit Handmembranpumpe<\/li><\/ul><\/li><li>2 Rollwagen (k\u00f6nnen bei Bedarf verlastet werden)<ul><li>&#8222;Saugsatz\/TS&#8220;<\/li><li>&#8222;Atemschutz&#8220;<\/li><\/ul><\/li><\/ul>\n","protected":false},"excerpt":{"rendered":"<p>Der Ger\u00e4tewagen Logistik 2 hat im Jahr 2013 den Ger\u00e4tewagen-\u00d6l abgel\u00f6st. Fahrzeugdaten: Fahrgestell: MAN TGM 13.290 4&#215;4 BLAufbau: ZieglerAbmessung (LxBxH):<\/p>\n","protected":false},"author":27,"featured_media":0,"parent":0,"menu_order":0,"comment_status":"closed","ping_status":"closed","template":"","meta":{"colormag_page_container_layout":"default_layout","colormag_page_sidebar_layout":"default_layout","footnotes":""},"class_list":["post-3283","page","type-page","status-publish","hentry"],"_links":{"self":[{"href":"https:\/\/ff-sghoya.de\/index.php?rest_route=\/wp\/v2\/pages\/3283","targetHints":{"allow":["GET"]}}],"collection":[{"href":"https:\/\/ff-sghoya.de\/index.php?rest_route=\/wp\/v2\/pages"}],"about":[{"href":"https:\/\/ff-sghoya.de\/index.php?rest_route=\/wp\/v2\/types\/page"}],"author":[{"embeddable":true,"href":"https:\/\/ff-sghoya.de\/index.php?rest_route=\/wp\/v2\/users\/27"}],"replies":[{"embeddable":true,"href":"https:\/\/ff-sghoya.de\/index.php?rest_route=%2Fwp%2Fv2%2Fcomments&post=3283"}],"version-history":[{"count":7,"href":"https:\/\/ff-sghoya.de\/index.php?rest_route=\/wp\/v2\/pages\/3283\/revisions"}],"predecessor-version":[{"id":3465,"href":"https:\/\/ff-sghoya.de\/index.php?rest_route=\/wp\/v2\/pages\/3283\/revisions\/3465"}],"wp:attachment":[{"href":"https:\/\/ff-sghoya.de\/index.php?rest_route=%2Fwp%2Fv2%2Fmedia&parent=3283"}],"curies":[{"name":"wp","href":"https:\/\/api.w.org\/{rel}","templated":true}]}}