{"id":2954,"date":"2019-08-14T12:22:47","date_gmt":"2019-08-14T10:22:47","guid":{"rendered":"http:\/\/ff-sghoya.de\/?page_id=2954"},"modified":"2024-10-28T09:39:12","modified_gmt":"2024-10-28T08:39:12","slug":"standort-und-chronik-mehringen","status":"publish","type":"page","link":"https:\/\/ff-sghoya.de\/?page_id=2954","title":{"rendered":"Standort und Chronik  Mehringen"},"content":{"rendered":"\n<div class=\"wp-block-columns is-layout-flex wp-container-core-columns-is-layout-28f84493 wp-block-columns-is-layout-flex\">\n<div class=\"wp-block-column is-layout-flow wp-block-column-is-layout-flow\" style=\"flex-basis:33.34%\">\n<figure class=\"wp-block-image size-full\"><img loading=\"lazy\" decoding=\"async\" width=\"2560\" height=\"1920\" src=\"https:\/\/ff-sghoya.de\/wp-content\/uploads\/2024\/10\/PXL_20240819_070544922.jpg\" alt=\"\" class=\"wp-image-6400\" srcset=\"https:\/\/ff-sghoya.de\/wp-content\/uploads\/2024\/10\/PXL_20240819_070544922.jpg 2560w, https:\/\/ff-sghoya.de\/wp-content\/uploads\/2024\/10\/PXL_20240819_070544922-768x576.jpg 768w, https:\/\/ff-sghoya.de\/wp-content\/uploads\/2024\/10\/PXL_20240819_070544922-1536x1152.jpg 1536w, https:\/\/ff-sghoya.de\/wp-content\/uploads\/2024\/10\/PXL_20240819_070544922-2048x1536.jpg 2048w\" sizes=\"auto, (max-width: 2560px) 100vw, 2560px\" \/><figcaption class=\"wp-element-caption\"><strong>Standort der FF Mehringen<\/strong> im Feuerwehrhaus Hoya mit Konferenz\/Gruppenraum<\/figcaption><\/figure>\n<\/div>\n\n\n\n<div class=\"wp-block-column is-layout-flow wp-block-column-is-layout-flow\" style=\"flex-basis:33.34%\">\n<figure class=\"wp-block-gallery has-nested-images columns-default is-cropped wp-block-gallery-1 is-layout-flex wp-block-gallery-is-layout-flex\">\n<figure class=\"wp-block-image size-large\"><img loading=\"lazy\" decoding=\"async\" width=\"2560\" height=\"1920\" data-id=\"6404\" src=\"https:\/\/ff-sghoya.de\/wp-content\/uploads\/2024\/10\/PXL_20240819_070613258.jpg\" alt=\"\" class=\"wp-image-6404\" srcset=\"https:\/\/ff-sghoya.de\/wp-content\/uploads\/2024\/10\/PXL_20240819_070613258.jpg 2560w, https:\/\/ff-sghoya.de\/wp-content\/uploads\/2024\/10\/PXL_20240819_070613258-768x576.jpg 768w, https:\/\/ff-sghoya.de\/wp-content\/uploads\/2024\/10\/PXL_20240819_070613258-1536x1152.jpg 1536w, https:\/\/ff-sghoya.de\/wp-content\/uploads\/2024\/10\/PXL_20240819_070613258-2048x1536.jpg 2048w\" sizes=\"auto, (max-width: 2560px) 100vw, 2560px\" \/><\/figure>\n<\/figure>\n<\/div>\n\n\n\n<div class=\"wp-block-column is-layout-flow wp-block-column-is-layout-flow\" style=\"flex-basis:33.33%\">\n<figure class=\"wp-block-gallery has-nested-images columns-default is-cropped wp-block-gallery-2 is-layout-flex wp-block-gallery-is-layout-flex\">\n<figure class=\"wp-block-image size-large\"><img loading=\"lazy\" decoding=\"async\" width=\"2560\" height=\"1920\" data-id=\"6405\" src=\"https:\/\/ff-sghoya.de\/wp-content\/uploads\/2024\/10\/PXL_20240819_070718941.jpg\" alt=\"\" class=\"wp-image-6405\" srcset=\"https:\/\/ff-sghoya.de\/wp-content\/uploads\/2024\/10\/PXL_20240819_070718941.jpg 2560w, https:\/\/ff-sghoya.de\/wp-content\/uploads\/2024\/10\/PXL_20240819_070718941-768x576.jpg 768w, https:\/\/ff-sghoya.de\/wp-content\/uploads\/2024\/10\/PXL_20240819_070718941-1536x1152.jpg 1536w, https:\/\/ff-sghoya.de\/wp-content\/uploads\/2024\/10\/PXL_20240819_070718941-2048x1536.jpg 2048w\" sizes=\"auto, (max-width: 2560px) 100vw, 2560px\" \/><\/figure>\n<\/figure>\n<\/div>\n<\/div>\n\n\n\n<p><\/p>\n\n\n\n<div class=\"wp-block-file alignleft\"><a href=\"https:\/\/ff-sghoya.de\/wp-content\/uploads\/2019\/08\/chronik.docx\">Die Freiwillige Feuerwehr Mehringen wurde im August 1926 mit einer St\u00e4rke von ca. 40 Leuten gegr\u00fcndet. Seither verantwortet sich der Spritzenverband, als Freiwillige Feuerwehr mit der Aufgabe, Hab und Gut zu sch\u00fctzen. <br><br>Der erste Brandeinsatz, eine Scheune in Hingste, rief schon im Gr\u00fcndungsjahr am 30.08.1926 die Kameraden auf den Plan. Die neue Feuerwehr konnte viele Erfahrungen sammeln und bekam daf\u00fcr eine kleine Belohnung von der Versicherung. Im Dezember 1926 wurde die Wehr schlie\u00dflich eingekleidet und konnte so im Laufe der Jahre verschiedene Eins\u00e4tze zwischen Hoya und Wechold absolvieren. <br><br>1932 erfolgte eine Aufteilung der Kameraden in zwei Z\u00fcge. <br>Der 1.Zug wurde mit 19 Personen in Mehringen und 10 Personen in Ubbendorf stationiert.<br>Der 2.Zug wurde mit 20 Personen in Heesen und Schierholz angesiedelt. <br>Die Z\u00fcge verrichteten mehrere selbstst\u00e4ndige Dienste und eine Gesamt\u00fcbung im Jahr. <br>In den Kriegsjahren wurde das Feuerwehrhaus \u00fcberwiegend als Unterkunft f\u00fcr Vertriebene genutzt. <br>1950 wurden die Z\u00fcge schlie\u00dflich in eigene Feuerwehren \u00fcberf\u00fchrt. So entstanden die heutigen Feuerwehren Mehringen, Ubbendorf und Heesen. <br><br>Seit 1951 wurden von den Kameraden diverse Lehrg\u00e4nge an der Feuerwehrtechnischen Zentrale in Nienburg, sowie an den Landesfeuerwehrschulen in Loy und Celle besucht, um eine stetige Aus- und Weiterbildung sicherzustellen. <br><br>1973 wurde die \u00dcbergabe eines neuen Fahrzeugs f\u00fcr die FF Mehringen an den damaligen Brandmeister Fritz B\u00f6sche gefeiert. Der Ford Transit fuhr die Kameraden bis Weihnachten 2003 jederzeit zuverl\u00e4ssig \u00fcberall hin. <br>Am 11.06.2004 wurde der FF Mehringen als Ersatz f\u00fcr den 1973 in Dienst gestellten Ford ein neues Tragkraft-Spritzen-Fahrzeug (TSF) \u00fcbergeben, um den wachsenden Anspr\u00fcchen an die Feuerwehren gerecht werden zu k\u00f6nnen. <br><br>Bis heute bek\u00e4mpfte die Wehr erfolgreich kleine und gr\u00f6\u00dfere Br\u00e4nde. Besonders sind dabei der Brand 1989 bei der (damals) EuropaCarton in Hoya, ein gro\u00dfe Scheunenbrand 1978 in Mehringen und der Gro\u00dfbrand bei Firma Hartje hervorzuheben. <br>Neben den klassischen Brandeins\u00e4tzen standen auch zahlreiche technische Hilfeleistungen auf dem Plan; So z.B. Sturmsch\u00e4den, Verkehrsunf\u00e4lle oder Hochwassereins\u00e4tze in Hoya. <br>Nach Fertigstellung des Neubaus des Feuerwehrhauses in Hoya konnten wir offiziell am 20.05.2022 den Umzug und die Einweihung in Hoya feiern. Nun haben wir viele R\u00e4ume dazubekommen. Dazu z\u00e4hlen Umkleider\u00e4ume, Lagerr\u00e4ume und ein Gemeinschaftsraum.<br><br>Neben den Eins\u00e4tzen wurden in der gesamten Zeit seit der Gr\u00fcndung immer wieder regelm\u00e4\u00dfige Dienste und Einsatz\u00fcbungen durchgef\u00fchrt. Um\u00a0im Fall der F\u00e4lle\u00a0die Bewohner und Bewohnerinnen unserer Samtgemeinde\u00a0auch weiterhin angemessen sch\u00fctzen und unterst\u00fctzen zu k\u00f6nnen, ben\u00f6tigen wir st\u00e4ndig Nachwuchs in der Einsatzabteilung. Sollten Sie Interesse an einer kameradschaftlichen Gemeinschaft haben, die mit Ihrem Engagement gutes bewirkt, dann sprechen Sie uns jederzeit gerne an.<br>M\u00f6chten Sie sich nicht aktiv am Dienst beteiligen und stattdessen lieber als f\u00f6rderndes Mitglied der Ortsfeuerwehr Mehringen beitreten,\u00a0freuen wir\u00a0uns selbstverst\u00e4ndlich auch dar\u00fcber sehr.<\/a><\/div>\n","protected":false},"excerpt":{"rendered":"","protected":false},"author":16,"featured_media":0,"parent":0,"menu_order":0,"comment_status":"closed","ping_status":"closed","template":"","meta":{"colormag_page_container_layout":"default_layout","colormag_page_sidebar_layout":"default_layout","footnotes":""},"class_list":["post-2954","page","type-page","status-publish","hentry"],"_links":{"self":[{"href":"https:\/\/ff-sghoya.de\/index.php?rest_route=\/wp\/v2\/pages\/2954","targetHints":{"allow":["GET"]}}],"collection":[{"href":"https:\/\/ff-sghoya.de\/index.php?rest_route=\/wp\/v2\/pages"}],"about":[{"href":"https:\/\/ff-sghoya.de\/index.php?rest_route=\/wp\/v2\/types\/page"}],"author":[{"embeddable":true,"href":"https:\/\/ff-sghoya.de\/index.php?rest_route=\/wp\/v2\/users\/16"}],"replies":[{"embeddable":true,"href":"https:\/\/ff-sghoya.de\/index.php?rest_route=%2Fwp%2Fv2%2Fcomments&post=2954"}],"version-history":[{"count":16,"href":"https:\/\/ff-sghoya.de\/index.php?rest_route=\/wp\/v2\/pages\/2954\/revisions"}],"predecessor-version":[{"id":6408,"href":"https:\/\/ff-sghoya.de\/index.php?rest_route=\/wp\/v2\/pages\/2954\/revisions\/6408"}],"wp:attachment":[{"href":"https:\/\/ff-sghoya.de\/index.php?rest_route=%2Fwp%2Fv2%2Fmedia&parent=2954"}],"curies":[{"name":"wp","href":"https:\/\/api.w.org\/{rel}","templated":true}]}}