{"id":2836,"date":"2019-07-02T06:19:20","date_gmt":"2019-07-02T04:19:20","guid":{"rendered":"http:\/\/ff-sghoya.de\/?page_id=2836"},"modified":"2019-07-02T12:18:40","modified_gmt":"2019-07-02T10:18:40","slug":"jf-hilgermissen","status":"publish","type":"page","link":"https:\/\/ff-sghoya.de\/?page_id=2836","title":{"rendered":"JF Hilgermissen"},"content":{"rendered":"\n<figure class=\"wp-block-image\"><img loading=\"lazy\" decoding=\"async\" width=\"1559\" height=\"508\" src=\"http:\/\/ff-sghoya.de\/wp-content\/uploads\/2019\/06\/JF-Briefkopf.jpg\" alt=\"\" class=\"wp-image-2834\" srcset=\"https:\/\/ff-sghoya.de\/wp-content\/uploads\/2019\/06\/JF-Briefkopf.jpg 1559w, https:\/\/ff-sghoya.de\/wp-content\/uploads\/2019\/06\/JF-Briefkopf-768x250.jpg 768w\" sizes=\"auto, (max-width: 1559px) 100vw, 1559px\" \/><\/figure>\n\n\n\n<p>Die Jugendfeuerwehr\nHilgermissen&nbsp; ist die Jugendabteilung der\n7 Freiwilligen Feuerwehren der Gemeinde Hilgermissen, diese sind die\nFeuerwehren Eitzendorf, Hilgermissen\/ Ubbendorf, Magelsen, Mehringen, Heesen,\nWechold und Wienbergen. Die Jugendfeuerwehr Hilgermissen wurde am 01.02.1974 gegr\u00fcndet\nund hat bis heute 220 Jugendliche auf den Dienst in die Freiwillige Feuerwehr\nvorbereitet. <\/p>\n\n\n\n<p>Wir treffen uns im Sommer w\u00f6chentlich auf unserem Jugendfeuerwehrplatz in Wechold und im Winter alle zwei Wochen im Ger\u00e4tehaus in Eitzendorf zum \u00dcbungsdienst. Desweitern steht uns einmal die Woche, die Sporthalle in Wechold zur Verf\u00fcgung. <\/p>\n\n\n\n<p><strong>Was\nerwartet dich bei uns? <\/strong><\/p>\n\n\n\n<ul class=\"wp-block-list\"><li>Im Vordergrund steht mit viel Spa\u00df und Action das Erlernen der Feuerwehrtechnische erst Ausbildung, erste Hilfe und vieles mehr<\/li><li>Au\u00dferdem erwartet dich ein 10-t\u00e4giges Zeltlager mit rund 1300 Teilnehmern<\/li><li>Die Teilnahme an Wettk\u00e4mpfen<\/li><li>Altpapiersammlungen in der Gemeinde<\/li><li>Schwimmausfl\u00fcge <\/li><li>Ein Besuch im Kletterwald und viele weiter spannende Aktivit\u00e4ten<\/li><\/ul>\n\n\n\n<p><strong>Was\nsolltest du mitbringen? <\/strong><\/p>\n\n\n\n<ul class=\"wp-block-list\"><li>Du\nsolltest 10 Jahre alt sein<\/li><li>Interesse\nan der Feuerwehr haben<\/li><li>Teamf\u00e4higkeit<\/li><li>Wettkampfgeist\nhaben<\/li><\/ul>\n\n\n\n<p>Haben wir dein\nInteresse geweckt, dann komm vorbei oder melde dich bei unserem\nJugendfeuerwehrwart Erik Meyer.<\/p>\n\n\n\n<p><a href=\"mailto:JF-Hilgermissen@gmx.de\">JF-Hilgermissen@gmx.de<\/a><\/p>\n\n\n\n<p><strong>Wir freuen uns auf dich!<\/strong><\/p>\n\n\n\n<figure class=\"wp-block-image\"><img loading=\"lazy\" decoding=\"async\" width=\"2400\" height=\"1400\" src=\"http:\/\/ff-sghoya.de\/wp-content\/uploads\/2019\/06\/H1A4653-mit-logo.jpg\" alt=\"\" class=\"wp-image-2835\" srcset=\"https:\/\/ff-sghoya.de\/wp-content\/uploads\/2019\/06\/H1A4653-mit-logo.jpg 2400w, https:\/\/ff-sghoya.de\/wp-content\/uploads\/2019\/06\/H1A4653-mit-logo-768x448.jpg 768w\" sizes=\"auto, (max-width: 2400px) 100vw, 2400px\" \/><\/figure>\n","protected":false},"excerpt":{"rendered":"<p>Die Jugendfeuerwehr Hilgermissen&nbsp; ist die Jugendabteilung der 7 Freiwilligen Feuerwehren der Gemeinde Hilgermissen, diese sind die Feuerwehren Eitzendorf, Hilgermissen\/ Ubbendorf,<\/p>\n","protected":false},"author":24,"featured_media":0,"parent":0,"menu_order":0,"comment_status":"closed","ping_status":"closed","template":"","meta":{"colormag_page_container_layout":"default_layout","colormag_page_sidebar_layout":"default_layout","footnotes":""},"class_list":["post-2836","page","type-page","status-publish","hentry"],"_links":{"self":[{"href":"https:\/\/ff-sghoya.de\/index.php?rest_route=\/wp\/v2\/pages\/2836","targetHints":{"allow":["GET"]}}],"collection":[{"href":"https:\/\/ff-sghoya.de\/index.php?rest_route=\/wp\/v2\/pages"}],"about":[{"href":"https:\/\/ff-sghoya.de\/index.php?rest_route=\/wp\/v2\/types\/page"}],"author":[{"embeddable":true,"href":"https:\/\/ff-sghoya.de\/index.php?rest_route=\/wp\/v2\/users\/24"}],"replies":[{"embeddable":true,"href":"https:\/\/ff-sghoya.de\/index.php?rest_route=%2Fwp%2Fv2%2Fcomments&post=2836"}],"version-history":[{"count":5,"href":"https:\/\/ff-sghoya.de\/index.php?rest_route=\/wp\/v2\/pages\/2836\/revisions"}],"predecessor-version":[{"id":2852,"href":"https:\/\/ff-sghoya.de\/index.php?rest_route=\/wp\/v2\/pages\/2836\/revisions\/2852"}],"wp:attachment":[{"href":"https:\/\/ff-sghoya.de\/index.php?rest_route=%2Fwp%2Fv2%2Fmedia&parent=2836"}],"curies":[{"name":"wp","href":"https:\/\/api.w.org\/{rel}","templated":true}]}}